-8 - -56 - 88) + 20
-20
Calculate 166 + -42 - 89 - (-6 + -1).
42
Calculate 10 + (17 - 11) - (13 + -5 + -46).
54
-55 - (57 + -63) - 14
-63
Calculate -3 + (-33 - 15) + -37 + 39.
-49
Evaluate 19 - (39 - 24) - (-5 - 0 - -48).
-39
Calculate -151 + (241 + 55 - 150).
-5
-17 - -65 - 122 - -41
-33
Calculate -5 + (-2 - 29) + (429 - 404).
-11
-224 + 202 + (34 - 2) + 60
70
-61 + (-27 - -106) + (-1 - -5)
22
Calculate (-8 - -3 - 7 - -21) + 2 + 10 + -1.
20
Evaluate -1 + 46 - (1674 - 1703).
74
11 - -26 - 10 - 23
4
Evaluate 7 - (1 + 3 + -4 - (-5 + -12 + -51)).
-61
Calculate 2142 + -2130 + (-18 - -1).
-5
2 - (-5 - -16) - (-1499 + 1402)
88
Evaluate (14 - (-18 - -11) - -13) + (-5 - (1 - 13)).
41
-31 + (74 + 5 - 33)
15
2 - (0 - -5) - (-59 + 60) - 0
-4
403 + -397 + -1 + -7
-2
Evaluate 8 + -4 - 8 - 2 - (25 + -42) - -50.
61
Evaluate (150 - 102) + -9 + 26.
65
-1 + 36 - (-39 + 52 + (-12 - 2))
36
Evaluate 4 + 8 - ((-27 - -118) + -41).
-38
(26 - (11 - (23 + -86))) + -4
-52
What is -6 + -2 + (13 - -17) + -9 + -8?
5
Calculate (81 - (-23 - 171)) + -137.
138
Calculate 5 - (-1 - -8 - (-19 - -61 - 25)).
15
Evaluate 117 + (13 - 6) + (5 - (30 - (7 + 2))).
108
What is the value of -2 - (0 + -2) - (46 + (38 - 64))?
-20
Evaluate (59 + -63 - 87) + 112.
21
What is the value of (-31 - 3) + 50 - 33?
-17
Calculate (18 - (9 + 4 + 13)) + 14 - -66.
72
What is the value of -8 + (-1 + -21 - -11 - -22)?
3
Evaluate 106 + (73 - 127) + -7.
45
-1 - (11 - (11 - (-11 + 14))) - (6 + 17)
-27
What is the value of (149 - 1) + 44 + -306?
-114
What is the value of -17 + (19 - (10 + (-21 - -24)))?
-11
Evaluate 29 + (99 + 48 - 123).
53
What is 2 - (-2 + -1) - (259 + -263)?
9
What is the value of 18 - 36 - (50 - 50)?
-18
Evaluate 11 + (26 - 55) - -36.
18
What is -50 - (-6 + 19 - 9)?
-54
What is the value of 16 - ((2 - 14) + 6 + -29)?
51
What is the value of -9 + 51 + -138 - -54?
-42
Calculate (-1 - 89) + (-309 - -313) - 11.
-97
-104 - (104 + -162) - -89
43
Evaluate 22 + (39 + -2 + -29 - (17 + -1)) - 81.
-67
(-8 - -43 - (-44 + 90)) + -1 + -6
-18
Calculate -1 - (44 + (-41 - -31)) - -15.
-20
-7 - -4 - -5 - (4 + (-49 - -2) + -2)
47
Calculate -34 + 14 + (-6 - (-30 - -21)) + 1 + -11.
-27
What is 68 + (10 - -1) + (-464 - -459) + -4?
70
Calculate 6 - ((-107 + 24 - -83) + (-2 - -3 - 9)).
14
Evaluate 7451 + -7414 - (1 - -4).
32
-1 + -1 + 2 + 539 + -541
-2
What is 156 - (1 + (-12 - 3) + (-313 - -333)) - 3?
147
What is -94 + (5 - 5) + 22 + 34?
-38
Evaluate -6 - -31 - 56 - (2 + 10 - -1).
-44
Calculate (25 + -25 + -46 - 23) + 14 + -3.
-58
(-818 - -749) + 95 + -5
21
What is ((-11 - -6) + -2 - 4) + 17 + -29?
-23
-11 + -4 - (4 + -1 + 9 + -1 + -8)
-18
(-93 - -47) + (-7 - (-6 - 3))
-44
(-12 - 36) + 230 + -177
5
8 - (-9 + 9) - (-3 - (-4 - 3))
4
What is the value of -4 - 1 - (-31 - -29)?
-3
Calculate (-28 - (39 + -11)) + 23 + -2.
-35
434 + -466 - (-50 + 0)
18
-27 + (5 - (-10 + -7 + -2 + 3 + 13))
-19
Calculate (202 - 27) + -65 + 17.
127
What is 16 + -3 - (11 + -99 - -32)?
69
Calculate 245 + -220 + -1 + -20 - (-64 - -1 - 1).
68
What is the value of -45 - 1 - (2915 - 2998)?
37
What is the value of -79 - ((0 - -1) + 7 - (48 - (-73 + 115)))?
-81
What is -3 + (-3 - 0) + -39 + (37 - 10)?
-18
-22 - (20 + -8) - -13
-21
-26 + 7 + 18 + -45 + 39
-7
Calculate (-24 - (63 - 23)) + 104.
40
(4 - -24) + -17 + (8 - (-9 + 49 + -2))
-19
What is (26 - 1) + (-62 - (-87 - -6))?
44
-32 - (-3 + -17 + -391 + 409)
-30
Calculate (1 - (-20 + -8)) + -9 + 1 + 2.
23
What is the value of (-3 + 24 - (-43 + -57) - -6) + 3?
130
What is (5 - 1) + 97 + -40 + -69?
-8
What is the value of (61 - 57 - (2 + 18)) + -16?
-32
1 - 65 - ((-10 - (-63 + 27 + 27)) + 7)
-70
What is the value of 50 + (2 - 0) + -1 + (137 - (-275 - -419))?
44
What is the value of 15 - 14 - (-10 - -28) - (-1 + 4)?
-20
Evaluate -25 + 8 + (2 - (17 + -1)).
-31
What is the value of -2 - -1 - (-646 - -611)?
34
Calculate 7 - (-27 - (-19 + 9) - (43 + -54)).
13
Evaluate 34 - (-40 + 55 - -24).
-5
What is 1 + 14 + (-27 - (-130 - -77)) + 92?
133
8 + -21 - (-36 - (5 - (-10 - -7)))
31
Evaluate 11 + -36 + 14 + 25 + (-1 - -67).
80
Evaluate -75 + 238 + -104 + -12.
47
What is -158 - (2 + -4) - ((13 - (-14 + 45)) + 5)?
-143
What is the value of 200 - 196 - (-1 + 16) - (-39 + -1)?
29
Evaluate 160 - (-99 + 170) - -10.
99
Calculate -44 + 20 + -55 - (-14 - 12).
-53
What is the value of (-67 - -3) + 885 + -900?
-79
What is 6312 - 6321 - (1 - -1 - -23)?
-34
Evaluate -9 + -11 + (-23 - -27) + -19.
-35
Evaluate -61 + -2 - ((107 - 102) + -56).
-12
Evaluate (-554 - -578) + 2 + -13.
13
Evaluate (-9 - -58) + -6 - (10 + 5 + -10 + -4).
42
What is -26 - (17 - 96) - 32?
21
What is the value of 25 - 131 - -62 - -121?
77
Evaluate 3 - (-25 + -13 + 5).
36
What is -25 - (143 + -101 + -53)?
-14
12 + 15 + -31 - ((-8 - 5) + -1)
10
(686 + -283 - 385) + -1 + 35
52
Calculate (88 - 28 - 49) + -51.
-40
What is -34 - (54 + 3 + -161)?
70
What is the value of 47 + 35 + (45 - 90)?
37
What is the value of -2 + -186 - (-10239 - -10154)?
-103
Evaluate 87 - (1 + 16 + (24 - 24)).
70
-1 + 0 - (-14 - -27) - (-167 + 162)
-9
-39 + 6 + 4 + 53
24
-3 - 70 - (-4819 + 4873)
-127
Evaluate -38 - (-14 + -46) - 38.
-16
What is the value of 121 + (6 - -1 - (933 + -922))?
117
What is the value of -26 - (-22 + -2 - (14 - -4))?
16
Calculate -33 + (-6 + -2 - (0 - (19 - 8))).
-30
What is the value of 35 + -8 - 5 - (20 + -12) - 93?
-79
What is the value of 19 - 2 - (133 - (189 - 82))?
-9
5 + (1 - -5 - 15) + (-13 - (19 - 88))
52
What is -77 - -97 - (10 + -1 - 0)?
11
What is the value of 12 + -40 + 12 + 20 + 12 - 89?
-73
What is -6 - 69 - (-30 - (-65 + 48))?
-62
Calculate -1 + (-3 - 7) - ((13 - 4) + -16) - 43.
-47
Evaluate (8 - -5) + (51 - 69) + -4 + -12.
-21
What is -5 - -8 - -17 - 7 - (-13 + 18) - 53?
-45
Calculate (3 + 0 - (-7 - -8 - 20 - -14)) + -48.
-40
What is the value of -2 + 3 + 53 - (101 - (117 + -21))?
49
Evaluate -819 + 920 - (-7 + 54).
54
Calculate -37 - (-2 + 2 - (442 - 435)).
-30
Calculate -332 - -339 - (0 + 72 + 1 + -1).
-65
What is the value of -7 + (22 - 0) - (12 - (-5 + (-10 - -14)))?
2
What is the value of -19 + (-45 - -10 - -63)?
9
What is the value of (-9 - -12) + (-29 + 2 - ((5 - 1) + 2))?
-30
Evaluate 93 - (-20 - -89) - 1.
23
What is the value of 26 - (13 - (-5 - 9 - -25 - -8))?
32
Calculate (19 + -7 - -9) + -39 + -40.
-58
-10 - (-20 + 89 - 61 - (-83 + 0))
-101
-64 + (0 - -1) - (-16 - -2 - (-106 + 103))
-52
What is 37 + 19 + (3 + -20 - 15) + -129?
-105
Calculate -676 + 730 + 3 + -34.
23
Calculate (-107 - -60) + -59 + 85.
-21
What is 191 - 217 - (13 - (-2 - -2))?
-39
Evaluate -14 + (3 - -3) + -19 + 14 + -88.
-101
86 - (-112 + 271) - 35
-108
What is (-79 - -118 - 23) + (-32 - -2)?
-14
-9 + 15 + (7 - (5 - -66)) + 21 + -19
-56
158 + -81 + (-26 - -28) + 36
115
Calculate (-1 - 15) + (-94 - (-178 + 129)).
-61
What is 9 + 3 + -11 + 2 + (35 - -7) + -13?
32
(21 - 13) + (51 - 86)
-27
What is the value of (-57 - -62) + 1 + 5 + (-3 - 20)?
-12
What is 40 - 163 - -59 - -42?
-22
24 + 4 - (15 + -26 - (1 + -15 - 8))
17
70 + (152 + -462 - -145)
-95
What is -47 + -63 - 6 - (-37 - -12)?
-91
Calculate -112 + (24 - (30 - 76)).
-42
0 + -9 + (11 + 158 + -48 - 18)
94
Calculate 55 + (0 + 20 - (-186 + 204)) + -4.
53
What is -78 + 230 + -204 + 45?
-7
Evaluate -1 - (16 + -2) - ((-136 - (1 + -31)) + -41).
132
Evaluate 70 + (23 - 40) - (-37 + 18).
72
-9 - (-20 + 3 - (325 + -306))
27
Calculate (-52 - -51) + (-15 - -56).
40
What is the value of 1 + (8 - 4) + -17 + 25 - -13?
26
-79 + -56 + 120 + (-1 - 47) + 0
-63
What is the value of -27 - (-5 - -10) - 2?
-34
What is the value of (-22 - (-16 + 30 + -26)) + 1 + 21 + 90?
102
What is 2 + -69 + -17 + 8 + 13 + (7 - 8)?
-64
What is -110 + 37 - -60 - -134?
121
What is (1 - -72) + (-34 - (-13 + -42 - -35))?
59
Calculate 31 + 0 + -22 + 906 + -862.
53
What is the value of -2 + -14 + 18 + -7 - ((-1 - 23) + 2)?
17
What is the value of -8 + (-3 - (11 + 0) - (245 - 291))?
24
What is 175 + -141 + 39 + -117?
-44
Evaluate -25 + (9 - 8 - (-39 + 52)).
-37
What is the value of 2829 - 2889 - (0 + -58)?
-2
What is -88 + (0 - 0 - (-36 - -34) - -12)?
-74
What is 28 + 12 + 0 + (-5 - (-16 + 10))?
41
What is the value of 1 - (-15 - (-52 - 8 - -9))?
-35
What is the value of 8 + 9 + -30 - (-22 + 57)?
-48
4 + 32 + (2 + -3 + 14 - 22)
27
What is (3038 - 3002) + (-2